(152).
530
Let k(n) = -n**2 - 2136*n - 140639. Calculate k(-68).
-15
Let i(y) = -1189*y - 12780. Calculate i(-12).
1488
Let h(f) = -1222*f - 31775. What is h(-26)?
-3
Let i(j) = -38917*j - 778350. What is i(-20)?
-10
Let i(p) = -p**2 - 93*p + 1624. Calculate i(-99).
1030
Let n(t) = t**3 + 68*t**2 - 4801*t + 1250. Calculate n(43).
46
Let q(h) = -h**3 - 52*h**2 + 855*h - 15844. Determine q(-68).
0
Let u(x) = -68*x - 9326. Give u(-120).
-1166
Let l(a) = 46*a + 5307. Calculate l(-116).
-29
Let c(n) = n**2 - 199*n + 9452. Determine c(81).
-106
Let q(c) = 4669*c - 378266. Calculate q(81).
-77
Let z(i) = -i**2 - 926*i - 5511. Give z(-6).
9
Let x(b) = 89498*b + 716323. Calculate x(-8).
339
Let c(z) = 16530*z + 23108932. Determine c(-1398).
-8
Let r(b) = -b**3 + 46*b**2 + 862*b - 23164. Calculate r(54).
56
Let z(c) = -452*c - 23677. Determine z(-51).
-625
Let j(g) = g**3 + 20*g**2 + 2*g - 15. What is j(-12)?
1113
Let b(d) = 21*d**3 + 607*d**2 + 32*d + 2613. Give b(-29).
3
Let g(u) = 38*u**2 + 370*u + 1281. What is g(-9)?
1029
Let d(q) = 2*q**3 - 173*q**2 - 3422*q + 312536. Calculate d(85).
-9
Let y(w) = -w**2 + 4676*w + 241070. Calculate y(-51).
-7
Let c(z) = -44307*z + 44302. Calculate c(1).
-5
Let v(q) = -30*q + 274. Determine v(3).
184
Let n(b) = -4*b**3 - 153*b**2 - 64*b - 925. Calculate n(-38).
63
Let b(x) = 1563*x - 30133. Determine b(20).
1127
Let z(m) = m**2 + 267*m - 46935. What is z(121)?
13
Let q(n) = n**3 + 139*n**2 + n + 374. What is q(-139)?
235
Let q(o) = 11*o**3 + 363*o**2 - 25*o - 408. Determine q(-33).
417
Let h(t) = -7*t**2 + 117*t - 190. Determine h(11).
250
Let w(y) = 106498*y + 11714788. What is w(-110)?
8
Let q(v) = -55*v**2 - 1629*v + 603. What is q(-30)?
-27
Let d(k) = 20*k - 826. Give d(43).
34
Let r(y) = -4*y**3 + 130*y**2 + 629*y + 1366. Determine r(37).
-3
Let x(n) = -2954*n - 2715. Calculate x(-1).
239
Let w(z) = 24*z**2 - 390*z - 662. What is w(17)?
-356
Let u(a) = a**3 - 16*a**2 - 36*a + 623. Calculate u(15).
-142
Let y(b) = -292*b**2 + 2940*b - 185. Give y(10).
15
Let w(z) = -z**3 - 216*z**2 + 77*z - 30373. Calculate w(-217).
7
Let l(w) = 2771505*w + 8314520. Determine l(-3).
5
Let i(h) = h**3 + 31*h**2 - 3259*h + 3323. Calculate i(43).
12
Let y(c) = -c**3 - 78*c**2 - 661*c + 5072. What is y(-67)?
-20
Let f(g) = g**2 - 535*g + 6811. Calculate f(13).
25
Let k(g) = -4*g**2 - 313*g - 2877. Determine k(-10).
-147
Let w(t) = -152*t**2 + 69*t - 4. Give w(-4).
-2712
Let t(b) = -15*b**2 - 4655*b + 7828. Give t(-312).
28
Let d(f) = 2*f**3 + 46*f**2 + 50*f + 3768. Calculate d(-25).
18
Let r(f) = 58*f - 5406. What is r(95)?
104
Let p(y) = y**3 - 766*y**2 + 818*y - 40296. Calculate p(765).
249
Let j(g) = -181*g**3 - 3*g**2 - 714*g + 1436. Give j(2).
-1452
Let j(p) = -3662*p - 323. Give j(0).
-323
Let p(v) = 4*v**2 + 1837*v - 463546. What is p(181)?
-5
Let r(l) = -37*l**2 + 719*l - 3581. What is r(5)?
-911
Let m(l) = -3859*l - 520949. What is m(-135)?
16
Let m(q) = 4*q**2 + 2052*q + 139973. What is m(-81)?
5
Let u(h) = -22*h**3 - 1078*h**2 + 12*h + 207. Give u(-49).
-381
Let x(w) = 324*w**2 - 1605*w + 1. Calculate x(6).
2035
Let q(y) = 2*y**3 - 206*y**2 - 217*y + 558. Determine q(104).
-378
Let a(f) = -6*f**2 - 1734*f + 47238. Give a(25).
138
Let w(n) = -4*n**3 - 1292*n**2 - 2*n - 584. Determine w(-323).
62
Let w(g) = -7469*g + 134442. What is w(18)?
0
Let a(x) = x**2 - 15698*x + 423119. Calculate a(27).
2
Let q(j) = -j**3 - 37*j**2 - 9*j + 485. Give q(-35).
-1650
Let s(v) = 3*v**2 - 77*v - 197. Give s(30).
193
Let n(i) = -687*i + 235335. Calculate n(342).
381
Let z(g) = -83*g**2 + 803*g - 2407. Give z(3).
-745
Let v(b) = 30291*b + 29190. Calculate v(-1).
-1101
Let t(r) = 2*r**3 + 324*r**2 + 649*r + 1443. Calculate t(-160).
3
Let z(q) = 2209*q + 890205. Calculate z(-403).
-22
Let s(o) = 1866*o - 141814. Give s(76).
2
Let i(f) = 18275*f + 1535115. Determine i(-84).
15
Let x(u) = -19*u**3 - 510*u**2 - 873*u + 62. Give x(-25).
12
Let r(c) = 11*c**3 + 8582*c**2 + 10119*c - 6222. What is r(-779)?
10
Let d(q) = 8885*q - 248819. Calculate d(28).
-39
Let m(c) = -c**3 - 145*c**2 + 3153*c + 6034. Calculate m(-164).
-34
Let j(y) = -8*y**3 - 5*y**2 - 139*y + 441. Give j(3).
-237
Let m(x) = -23*x**2 - 11400*x + 15326. Give m(-497).
-81
Let v(j) = -944*j**2 + 424*j + 427. What is v(-1)?
-941
Let c(d) = -1122*d + 12285. What is c(11)?
-57
Let m(i) = i**2 - 91*i - 1788. What is m(108)?
48
Let r(z) = 14*z**3 + 65*z**2 + 62*z + 308. Calculate r(-5).
-127
Let q(d) = -12400*d + 16020809. Give q(1292).
9
Let k(l) = 2*l**2 - 91*l + 91. Determine k(52).
767
Let o(t) = -2944*t + 35449. Calculate o(12).
121
Let o(s) = 105*s**2 - 47566*s + 511. Determine o(453).
58
Let r(u) = u**3 + 31*u**2 - 123*u + 347. Determine r(-34).
1061
Let s(j) = -11*j**3 - 141*j**2 + 114*j + 2. Calculate s(-13).
-1142
Let c(o) = 297568*o + 2082979. Give c(-7).
3
Let g(b) = -222*b - 470. Give g(-6).
862
Let w(d) = 426*d + 1971. What is w(-4)?
267
Let x(c) = 45220*c + 407012. Calculate x(-9).
32
Let s(x) = -x**3 + 25*x**2 - 32*x + 1860. What is s(26)?
352
Let z(a) = 113*a - 333. What is z(1)?
-220
Let x(q) = q**3 + 369*q**2 + 814*q + 29384. Calculate x(-367).
24
Let w(b) = 867*b + 129. What is w(0)?
129
Let n(u) = u**3 - 29*u**2 + 111*u - 291. Determine n(25).
-16
Let j(s) = -8752*s + 350107. Give j(40).
27
Let u(j) = 270*j - 13387. Give u(48).
-427
Let c(p) = 103086*p + 3195704. Determine c(-31).
38
Let c(t) = 95*t**2 + 6171*t - 134. Determine c(-65).
126
Let z(n) = -n**3 - 46*n**2 + 304*n + 7685. Calculate z(-49).
-8
Let s(m) = 2*m**2 - 2664*m + 118314. Determine s(46).
2
Let v(l) = 1992*l - 22037. Determine v(12).
1867
Let t(z) = -z**3 + 285*z**2 + 2386*z - 12300. Determine t(293).
6
Let o(q) = 15*q**2 + 194*q + 151. What is o(-10)?
-289
Let q(k) = -106*k + 484. Calculate q(4).
60
Let s(v) = -2*v**2 + 74*v - 63. Determine s(9).
441
Let d(n) = -6*n**2 - 42762*n - 213797. What is d(-5)?
-137
Let c(q) = 8*q - 901. Give c(115).
19
Let k(q) = -8718*q + 87170. Determine k(10).
-10
Let o(x) = -x**2 + 2633*x - 15731. What is o(6)?
31
Let a(t) = 239542*t - 4311744. Give a(18).
12
Let g(r) = -5*r**2 + 160*r - 964. Determine g(24).
-4
Let c(o) = -2*o**3 - 13*o**2 - 53*o - 33. Calculate c(-6).
249
Let s(g) = 3863*g - 1239985. Calculate s(321).
38
Let j(z) = 21*z**2 - 741*z + 50. Give j(35).
-160
Let b(t) = 24087*t - 17005416. Give b(706).
6
Let n(b) = b**3 - 274*b**2 - 22038*b - 200. Determine n(-65).
-5
Let x(k) = -6*k**2 + 324*k - 627. Give x(52).
-3
Let r(h) = -60640*h - 909616. Calculate r(-15).
-16
Let n(h) = -7*h**3 - 4*h**2 + 14*h - 27. Determine n(4).
-483
Let m(x) = -41077*x + 2834317. Calculate m(69).
4
Let c(i) = i**2 + 36*i - 2529. What is c(-40)?
-2369
Let j(l) = l**3 + 2*l**2 - 277*l + 187. What is j(-18)?
-11
Let t(v) = -v**3 - 47*v**2 + 27*v + 3334. Calculate t(-46).
-24
Let m(c) = -31*c**2 - 9676*c - 1246. Determine m(-312).
2
Let y(i) = -3*i**3 + 62*i**2 - 23*i + 90. Give y(21).
-834
Let h(v) = v**3 + 1085*v**2 + 9668*v - 17229. Give h(-1076).
-13
Let z(d) = -920*d**2 + 284330*d - 15444. Give z(309).
6
Let l(z) = -143606*z - 2441314. Determine l(-17).
-12
Let v(d) = d**3 + 69*d**2 + 773*d + 28. Determine v(-13).
-557
Let d(x) = x**3 + 12*x**2 - 227*x - 46. Determine d(11).
240
Let j(r) = -3*r**3 + 39*r**2 + 1687*r - 418. Calculate j(31).
-15
Let a(z) = -36*z**2 - 338*z - 8. Determine a(-9).
118
Let c(v) = -5346*v + 101549. Determine c(19).
-25
Let d(o) = 416*o**2 - 22*o - 3. Determine d(-1).
435
Let a(h) = -975*h - 19521. Calculate a(-20).
-21
Let u(p) = -24825*p - 3028633. Determine u(-122).
17
Let t(k) = -k**2 + 255*k + 696669. Determine t(-717).
-255
Let o(y) = 117*y**2 - 935*y + 4624. What is o(5)?
2874
Let p(w) = w**3 - 210*w**2 - 13005*w - 199. What is p(-50)?
51
Let b(r) = -2279*r - 27345. Give b(-12).
3
Let x(k) = 5*k**3 + 22*k**2 - 10*k - 74. Determine x(2).
34
Let y(c) = 2*c**2 + 1640*c - 355. Give y(0).
-355
Let w(q) = -6*q**2 - 1197*q - 54069. Determine w(-69).
-42
Let k(i) = -5514*i - 22060. Give k(-4).
-4
Let z(p) = -p**3 - 3*p**2 + 180*p + 547. Determine z(-3).
7
Let a(v) = 20432*v + 510602. Calculate a(-25).
-198
Let c(q) = -36*q**2 + 46*q + 113. Give c(-5).
-1017
Let g(j) = j**2 + 541*j - 7293. Determine g(13).
-91
Let l(a) = 3*a**2 + 4456*a - 31363. Ca